1 + (2 - 3) + 2
-3
(-1 + 7 - 7) + -5
-6
Calculate -1 - (3 + (3 - 7) + -1).
1
Calculate -4 - ((-8 - (0 + 0)) + 4).
0
What is the value of 3 + (-5 - (-2 + 5)) - 3?
-8
What is the value of -4 - -1 - -2 - (5 - 4)?
-2
Calculate 3 + 0 + 6 + 2 + -5.
6
Evaluate -1 - (-1 + -2 + -4).
6
Calculate -5 + 0 + 2 + -1 + 0.
-4
Evaluate (2 - -3) + (2 - 7).
0
What is the value of 10 + 7 + -11 + -6?
0
Calculate 8 - (-6 + 23 + -1).
-8
Calculate 2 + (4 - 1) + (0 - 2).
3
What is -5 + 6 + -8 + 10?
3
Calculate 2 + (-6 + 3 + -4 - 1).
-6
Calculate -1 - ((-7 - -5) + 5).
-4
What is -2 + (4 - 6) + 10?
6
Calculate -1 + -2 - -3 - 1 - -1.
0
Calculate 8 + (-1 - 3) - 3.
1
What is (3 - 5) + 12 + -14?
-4
What is the value of -2 + (3 - 4 - 4) - -11?
4
What is the value of 5 + (9 + -5 - 0 - 5)?
4
Evaluate -4 + 0 + 27 + -12 + -5.
6
Evaluate 1 + -7 - (2 + (-9 - -6)).
-5
Calculate 2 + -5 - -8 - 2.
3
What is the value of -1 - (-1 + (-2 - 2))?
4
Evaluate (-4 - (5 + 3 + -14)) + -3.
-1
Calculate 2 - 5 - (-1 + 3 + -3).
-2
Calculate 3 + (3 - 0) - 12.
-6
Calculate (5 - -6) + (0 - 3).
8
What is 8 - (16 - 10) - 3?
-1
Evaluate -15 + (2 - -5) + 13.
5
Calculate (3 - 16) + 8 + -3 + 3.
-5
What is the value of -2 + 0 + 6 - (-4 + 3)?
5
(-2 - 1 - -1) + 0 + 2
0
What is -27 + 19 + (1 - 0 - -2)?
-5
What is the value of 4 + -1 - (4 + -13) - 7?
5
What is the value of 2 + (2 - 0 - 4)?
0
Evaluate 4 + (2 - 3) + -8.
-5
What is the value of 7 + (-3 - (1 - 1)) + 0?
4
Calculate 7 + (7 - 7) - 4.
3
What is the value of -10 - (-19 + 3 + 8)?
-2
Calculate (-12 - (-2 - 2)) + -2 - -5.
-5
-4 + (3 + 3 - 5)
-3
Calculate -8 + (7 - (3 + -2)) + -2.
-4
Evaluate (-3 - -5) + (2 - -1) - 3.
2
-11 + 18 + 4 - 10
1
Calculate -2 + (0 - (-7 - -3)).
2
Evaluate -1 + 0 + 2 + 3 + -5.
-1
What is 2 - (1 + (0 - 2) + 0)?
3
(5 - (24 + -21)) + 0 + 1
3
Evaluate (3 - (2 - -4)) + 2 + 3.
2
What is -2 + -1 + 1 + -89 + 93?
2
Evaluate (-3 - (1 - 2)) + (23 - 20).
1
Calculate 37 + -40 - (2 + 0 + -1).
-4
What is -5 + -1 + 0 + 3 + -2?
-5
Calculate 7 + 2 + -19 + 3 + 1.
-6
What is (4 - (-2 - -2)) + 0 + -8?
-4
3 + -4 + 7 + 2 + -4
4
What is the value of 7 - (-13 + 7 + 3 - -17)?
-7
Evaluate (2 - 4) + (4 - -3).
5
-1 - -2 - (5 - 4)
0
What is the value of -3 - (-1 + -4 - -2)?
0
What is 0 + 2 + -5 + 0?
-3
Evaluate -43 + 43 - (0 + 4).
-4
Calculate (-5 - (1 + 0)) + 5 - -6.
5
Evaluate (-2 + 6 - 6) + 1.
-1
What is (-1 - -2 - (18 + -20)) + -5?
-2
13 - (5 - 1) - (9 - 6)
6
What is 1 + -1 - ((3 - 0) + -2)?
-1
Evaluate -4 - (0 + 1 - 7 - -4).
-2
What is the value of -2 - 0 - (10 + -3 + -7)?
-2
5 - 2 - (-13 + 10) - 14
-8
-4 + (-4 - -11) + 0
3
What is the value of -14 - -17 - (2 + 1 + 2)?
-2
What is the value of -6 + (-6 - (-13 - -6))?
-5
Calculate 3 - 1 - (28 - 22).
-4
5 + (-2 - -1) + (-1 - 2)
1
What is the value of (-1 - -3) + (0 - -3) - 5?
0
What is (24 - 16) + -13 + 8?
3
What is 6 + 0 + -10 + 9?
5
What is the value of (0 - -4) + (-8 - (0 + -1))?
-3
What is the value of 1 - -3 - ((4 - 0) + -3)?
3
12 - ((7 - 6 - 5) + 8)
8
Evaluate (4 - (0 + 4)) + -2 - 3.
-5
What is -10 + (-4 - (4 - 17))?
-1
Calculate 3 + -5 + 2 + 1.
1
Calculate (0 - 2 - -7) + (43 - 40).
8
Calculate (14 - 2) + -5 + -3.
4
Evaluate -17 + (7 - -3) + 3.
-4
Evaluate (-1 - -6) + 0 - (-119 + 130).
-6
Calculate 0 + (-2 - -5) - (1 - 0).
2
Calculate (5 - ((3 - -4) + -2)) + -1.
-1
What is the value of (-2 - 10) + (1 - -7)?
-4
What is the value of 2 + -2 + (-5 - -7)?
2
Evaluate -12 + 6 + 2 + -1 + 2.
-3
Evaluate -27 + 24 + (1 - -6).
4
(-2 - -6) + -1 + -2
1
What is 3 + 6 + -10 + 2?
1
Calculate -11 - -8 - -1 - 5.
-7
What is (-6 + 6 - 2) + 6?
4
What is -3 - (-2 + (5 - (5 + -3)))?
-4
Evaluate 2 - (2 + -5 + 3).
2
Calculate 5 + 0 + (-12 - -8).
1
-9 - -1 - (1 - 7)
-2
-1 + 3 - (-17 + 3 + 9)
7
What is the value of -4 - (-10 - (3 - (1 + 6)))?
2
Calculate -4 + 7 + 2 + (-9 - -1).
-3
Evaluate -19 - (-6 + 8 + -16).
-5
Calculate 0 - -6 - (0 + 3) - 0.
3
What is the value of 9 + -8 + -1 + (-5 - -7)?
2
Calculate 7 + (-8 - -4) + 0.
3
Evaluate -6 + 7 + -1 + 0.
0
What is the value of -7 + -3 + 19 + -6?
3
Evaluate 2 + -2 + -91 + 82.
-9
Calculate 1 - 2 - -8 - 4.
3
Calculate -3 + 1 + (-2 - 0) + -1.
-5
What is the value of 5 - (2 - (-4 - -3 - 5))?
-3
Calculate 1 - 6 - (28 + -30) - 0.
-3
What is -3 + -3 + 3 + -2 + 4?
-1
Evaluate 0 + 8 + -1 - 2 - 2.
3
(1 - -1) + (-3 - (-23 - -18))
4
Evaluate -6 - (9 - (-15 - -25)).
-5
What is -12 + 7 - (4 - 7)?
-2
What is the value of 0 + (0 - (2 - 4)) + -2?
0
2 + (-2 - 4) - 0
-4
What is the value of -32 - -34 - (2 - -5)?
-5
2 + 0 + -6 - (-11 - -10)
-3
1 - (9 - (7 + -7 + 6))
-2
Evaluate ((5 - 18) + 8 - -15) + -3.
7
-2 + -1 + -3 + 8
2
Evaluate -2 - (3 - (1 + -1)).
-5
What is -9 + (6 - -1) - (-11 + 1)?
8
Calculate (3 - 21) + (38 - 28).
-8
(-1 - -4) + -87 + 92
8
What is 3 + -4 + -1 + -2 - -2?
-2
Calculate 3 + -2 - (-3 + 5 + 2).
-3
Calculate -20 - (12 - 24 - -1).
-9
8 - (7 - (-7 - -8))
2
What is the value of (-7 - (-3 + -1)) + 0?
-3
Calculate 5 - (6 - (-1 + 6)).
4
Calculate (-8 - -5 - 0) + -3 - -6.
0
What is 0 + (5 - 0) + (26 - 35)?
-4
What is the value of 6 + 0 + 1 + 0 + -4?
3
What is the value of -28 + 21 - (-4 + 1 + 1)?
-5
What is 2 + 0 - (4 + 0 + -3)?
1
What is -1 + -3 + 4 + 2 + -4?
-2
What is (13 + -28 - -12) + 0?
-3
What is -6 + (2 - (-6 + 3))?
-1
What is 1 + (-4 + 3 + 4 - 3)?
1
Calculate -1 + 16 - (-1 - -7).
9
Calculate (-5 + 9 - (-2 + -2)) + -3.
5
What is the value of 8 + (-5 + 4 - 4)?
3
Evaluate 0 - (-2 + 0 + (1 - -4)).
-3
Calculate 3 - 2 - (1 - -4).
-4
Evaluate (4 - 8) + -8 + 13.
1
Evaluate -11 - (13 + -1 + -7 - 13).
-3
Calculate -10 + -1 + 70 + -62.
-3
4 - (1 - (-2 + 1) - -5)
-3
11 + -14 + (4 - 2)
-1
Calculate 6 + -23 + 3 + 10.
-4
What is -38 + 49 + -7 + -1?
3
Evaluate (-9 - (-4 - 3)) + 8 + -1.
5
What is 11 + (0 - 6) + 1?
6
Calculate -7 + (-7 - -13) - -8.
7
What is the value of (-17 - -22) + (-1 - 2) - -3?
5
Calculate 1 + 1 - (-9 - (-15 + 1)).
-3
6 - (13 + -3 - -1) - -1
-4
What is the value of (0 - -7 - (5 - 4)) + -1?
5
(7 + -1 - (-3 + 7)) + 3
5
Evaluate 3 + (1 - 8) + 57 + -43.
10
Evaluate -6 + (-1 - -3) - (-12 + 3).
5
Evaluate -10 + 4 + 4 - (2 + -1).
-3
What is the value of 8 + (-2 - 1 - 6)?
-1
Evaluate 0 + -30 + 27 + (-2 - -2).
-3
What is the value of -30 - -36 - (3 + (0 - 2))?
5
5 - (6 - 2 - -1)
0
What is 5 - (5 + -1) - -5?
6
Evaluate -4 + 1 + (-4 - -7) + 4.
4
Evaluate -5 + 9 + -5 + 5 + 0.
4
3 - (2 - (3 - 2))
2
Evaluate 0 + 9 + -2 + 7 + -9.
5
What is the value of (5 - -1) + (-2 - (2 + 5))?
-3
Calculate -4 - (-9 - (0 + -9)).
-4
What is the value of 23 + -8 + -6 + -9?
0
Calculate (8 - 10) + -1 + 1.
-2
What is the value of 49 + -55 - (-2 + 1 + -1)?
-4
What is the value of 16 + -23 + 12 + (-6 - 0)?
-1
What is (6 - 11) + 6 + (1 - -3)?
5
What is the value of (5 - 7) + 4 + 10 + -4?
8
What is 1 + -3 + (-17 - -20)?
1
Calculate 1 - (-10 - -15 - 1).
-3
10 - ((0 - 1) + 7)
4
Evaluate -2 + -1 - (-2 - (4 + -4)).
-1
What is 1 - -5 - (40 + -26)?
-8
Evaluate -3 - (4 - -1 - 5).
-3
Calculate (0 - 3) + -1 + 4.
0
Evaluate (0 - -1) + -6 + 9 + 0.
4
What is -5 - (-4 + -2 - (13 + -8))?
6
What is (1 - -3 - -1) + -2?
3
What is (-4 - -10) + -4 + 1?
3
What is the value of -11 + (-10 - -1) + 20?
0
Evaluate (2 - (7 - 2)) + (-6 - -17).
8
What is the value of -9 - (3 + -7 + -1)?
-4
What is the value of (-6 - -4) + (1 - 0) - -5?
4
What is the value of -5 + (5 - 3) - 1?
-4
What is the value of 2 + (3 - (-7 - -14))?
-2
Evaluate 50 + -63 + (8 - (2 - -1)).
-8
4 + 3 - 10 - (-8 + 0)
5
5 - (2 - (-11 - -4))
-4
What is the value of -1 + 0 - (-4 - (-8 + 4))?
-1
-7 + 8 + 3 + -2
2
What is the value of 0 - (-4 + 2 + 2)?
0
What is -9 - ((8 + -1 - 11) + 3)?
-8
Evaluate -9 + -5 + 10 + -2 + 3.
-3
Calculate 5 + 2 + -7 - -4.
4
What is the value of -2 + (2 - -4) - (52 + -46)?
-2
Evaluate 4 + -12 + (-1 - (-4 + -2)).
-3
What is (-1 - 3) + 3 - -3?
2
Calculate -25 + 29 - (18 - 4 - 3).
-7
What is the value of 8 + -14 + 5 + -4?
-5
-6 - (4 - (-1 + 11))
0
Calculate -9 - ((4 - 10) + -3).
0
What is the value of (0 - (2 + -2)) + 2 + -4?
-2
Evaluate 5 + -10 - -2 - (-4 - -7).
-6
What is the value of -13 + (-11 + 9 - -8)?
-7
Evaluate 2 - -1 - (-4 + (1 - 0)).
6
What is 9 + (1 - (2 + 3))?
5
4 - (2 + 3 + 0)
-1
Evaluate -5 + (0 - (-3 + -2 + -1)).
1
What is (0 - (1 - (1 + -3))) + 0?
-3
(-4 - (-19 + 8 + 2)) + -2
3
Evaluate -11 + 9 - -11 - 3.
6
What is the value of 1 - (-3 + 